{"id":2044,"date":"2019-08-02T13:54:30","date_gmt":"2019-08-02T13:54:30","guid":{"rendered":"https:\/\/ecole.cmsmasters.net\/?post_type=project&amp;p=2044"},"modified":"2019-08-02T13:54:30","modified_gmt":"2019-08-02T13:54:30","slug":"chemistry-class","status":"publish","type":"project","link":"https:\/\/ecolestjean85160.fr\/index.php\/project\/chemistry-class\/","title":{"rendered":"Les CE dans le Vent !"},"content":{"rendered":"<div id=\"cmsmasters_row_ogofjchcpo\" class=\"cmsmasters_row cmsmasters_color_scheme_default cmsmasters_row_top_default cmsmasters_row_bot_default cmsmasters_row_boxed\">\n<div class=\"cmsmasters_row_outer_parent\">\n<div class=\"cmsmasters_row_outer\">\n<div class=\"cmsmasters_row_inner\">\n<div class=\"cmsmasters_row_margin\">\n<div id=\"cmsmasters_column_dqs6onebli\" class=\"cmsmasters_column one_first\">\n<div class=\"cmsmasters_column_inner\"><div class=\"cmsmasters_text\">\n<p>C\u2019est au\u00a0Jardin du Vent, \u00e0 Notre Dame de Monts, que les enfants ont commenc\u00e9 leur travail de recherche sur quelques plantes s\u00e9lectionn\u00e9es pour fabriquer l\u2019herbier. Par groupe, ils ont ainsi compos\u00e9 une page de l\u2019herbier tout en respectant les \u00e9tapes de fabrication (recherche du nom scientifique de la plante, description, dessin, mise en valeur de la plante sur la feuille, lieu de r\u00e9colte, etc\u2026). Gr\u00e2ce aux parents accompagnateurs et au personnel du Jardin du Vent, chaque enfant a particip\u00e9 \u00e0 la cr\u00e9ation d\u2019une\u00a0<strong>affiche\u00a0<\/strong>pr\u00e9sentant la plante avec ses caract\u00e9ristiques.<\/p>\n<p>Ce travail va se poursuivre en classe, avec les autres plantes r\u00e9colt\u00e9es. C\u2019est durant le mois de Juin que l\u2019herbier de la classe sera expos\u00e9 au Jardin du Vent. Des informations plus pr\u00e9cises concernant cette exposition seront fournies ult\u00e9rieurement.<\/p>\n<\/div>\n<\/div><\/div>\n<\/div>\n<\/div>\n<\/div>\n<\/div>\n<\/div>\n\n","protected":false},"excerpt":{"rendered":"<p>Au cours des s\u00e9ances de d\u00e9couverte du marais, de la plage, de la dune et de la for\u00eat, les CE1-CE2&#8230;<\/p>\n","protected":false},"author":2,"featured_media":3017,"menu_order":0,"comment_status":"closed","ping_status":"open","template":"","format":"gallery","meta":{"footnotes":""},"pj-categs":[100],"pj-tags":[79,82,107],"class_list":["post-2044","project","type-project","status-publish","format-gallery","has-post-thumbnail","hentry","post_format-post-format-gallery","pj-categs-nature","pj-tags-chemistry","pj-tags-children","pj-tags-science"],"_links":{"self":[{"href":"https:\/\/ecolestjean85160.fr\/index.php\/wp-json\/wp\/v2\/project\/2044","targetHints":{"allow":["GET"]}}],"collection":[{"href":"https:\/\/ecolestjean85160.fr\/index.php\/wp-json\/wp\/v2\/project"}],"about":[{"href":"https:\/\/ecolestjean85160.fr\/index.php\/wp-json\/wp\/v2\/types\/project"}],"author":[{"embeddable":true,"href":"https:\/\/ecolestjean85160.fr\/index.php\/wp-json\/wp\/v2\/users\/2"}],"replies":[{"embeddable":true,"href":"https:\/\/ecolestjean85160.fr\/index.php\/wp-json\/wp\/v2\/comments?post=2044"}],"version-history":[{"count":0,"href":"https:\/\/ecolestjean85160.fr\/index.php\/wp-json\/wp\/v2\/project\/2044\/revisions"}],"wp:featuredmedia":[{"embeddable":true,"href":"https:\/\/ecolestjean85160.fr\/index.php\/wp-json\/wp\/v2\/media\/3017"}],"wp:attachment":[{"href":"https:\/\/ecolestjean85160.fr\/index.php\/wp-json\/wp\/v2\/media?parent=2044"}],"wp:term":[{"taxonomy":"pj-categs","embeddable":true,"href":"https:\/\/ecolestjean85160.fr\/index.php\/wp-json\/wp\/v2\/pj-categs?post=2044"},{"taxonomy":"pj-tags","embeddable":true,"href":"https:\/\/ecolestjean85160.fr\/index.php\/wp-json\/wp\/v2\/pj-tags?post=2044"}],"curies":[{"name":"wp","href":"https:\/\/api.w.org\/{rel}","templated":true}]}}

<div id="cmsmasters_row_ogofjchcpo" class="cmsmasters_row cmsmasters_color_scheme_default cmsmasters_row_top_default cmsmasters_row_bot_default cmsmasters_row_boxed">
<div class="cmsmasters_row_outer_parent">
<div class="cmsmasters_row_outer">
<div class="cmsmasters_row_inner">
<div class="cmsmasters_row_margin">
<div id="cmsmasters_column_dqs6onebli" class="cmsmasters_column one_first">
<div class="cmsmasters_column_inner"><div class="cmsmasters_text">
<p>C’est au Jardin du Vent, à Notre Dame de Monts, que les enfants ont commencé leur travail de recherche sur quelques plantes sélectionnées pour fabriquer l’herbier. Par groupe, ils ont ainsi composé une page de l’herbier tout en respectant les étapes de fabrication (recherche du nom scientifique de la plante, description, dessin, mise en valeur de la plante sur la feuille, lieu de récolte, etc…). Grâce aux parents accompagnateurs et au personnel du Jardin du Vent, chaque enfant a participé à la création d’une <strong>affiche </strong>présentant la plante avec ses caractéristiques.</p>
<p>Ce travail va se poursuivre en classe, avec les autres plantes récoltées. C’est durant le mois de Juin que l’herbier de la classe sera exposé au Jardin du Vent. Des informations plus précises concernant cette exposition seront fournies ultérieurement.</p>
</div>
</div></div>
</div>
</div>
</div>
</div>
</div>

<p>Au cours des séances de découverte du marais, de la plage, de la dune et de la forêt, les CE1-CE2&#8230;</p>
