{"id":1297,"date":"2019-07-24T08:19:50","date_gmt":"2019-07-24T08:19:50","guid":{"rendered":"https:\/\/ecole.cmsmasters.net\/?page_id=1297"},"modified":"2026-03-24T14:16:20","modified_gmt":"2026-03-24T13:16:20","slug":"associationsdeparents","status":"publish","type":"page","link":"https:\/\/ecolestjean85160.fr\/index.php\/associationsdeparents\/","title":{"rendered":"Associations de Parents"},"content":{"rendered":"<div id=\"cmsmasters_row_9n58drigp\" class=\"cmsmasters_row cmsmasters_color_scheme_default cmsmasters_row_top_default cmsmasters_row_bot_default cmsmasters_row_fullwidth\">\n<div class=\"cmsmasters_row_outer_parent\">\n<div class=\"cmsmasters_row_outer\">\n<div class=\"cmsmasters_row_inner cmsmasters_row_fullwidth cmsmasters_row_no_margin\">\n<div class=\"cmsmasters_row_margin\">\n<div id=\"cmsmasters_column_n7idelpru\" class=\"cmsmasters_column one_third\">\n<div class=\"cmsmasters_column_inner\"><div id=\"cmsmasters_heading_rz195lprfc\" class=\"cmsmasters_heading_wrap cmsmasters_heading_align_left\">\n\t<h1 class=\"cmsmasters_heading\">L&rsquo;A.P.E.L. &amp; l&rsquo;O.G.E.C.<\/h1>\n<\/div><div class=\"cmsmasters_img  cmsmasters_image_l\"><img decoding=\"async\" src=\"https:\/\/ecolestjean85160.fr\/wp-content\/uploads\/2019\/07\/zig-zag.png\" alt=\"zig zag\" \/><\/div>\n<div id=\"cmsmasters_divider_95vmicc4vb\" class=\"cl\"><\/div>\n<div class=\"cmsmasters_text\">\n<p><span style=\"color: #ffffff;\">Notre \u00e9cole ne pourrait pas fonctionner sans le pr\u00e9cieux soutien des parents b\u00e9n\u00e9voles. L\u2019Apel, association des parents d\u2019\u00e9l\u00e8ves de l\u2019\u00e9cole libre, \u0153uvre pour favoriser un climat de confiance entre l\u2019\u00e9cole et les familles. L&rsquo;OGEC, organisme de gestion, assure le bon fonctionnement mat\u00e9riel de notre \u00e9tablissement.<\/span><\/p>\n<\/div>\n<\/div><\/div>\n<div id=\"cmsmasters_column_trnc2n5bew\" class=\"cmsmasters_column two_third\">\n<div class=\"cmsmasters_column_inner\"><\/div><\/div>\n<\/div>\n<\/div>\n<\/div>\n<\/div>\n<\/div>\n<div id=\"cmsmasters_row_1ko65bgqn2\" class=\"cmsmasters_row cmsmasters_color_scheme_default cmsmasters_row_top_default cmsmasters_row_bot_default cmsmasters_row_boxed\">\n<div class=\"cmsmasters_row_outer_parent\">\n<div class=\"cmsmasters_row_outer\">\n<div class=\"cmsmasters_row_inner\">\n<div class=\"cmsmasters_row_margin\">\n<div id=\"cmsmasters_column_mjrutd404\" class=\"cmsmasters_column two_third\">\n<div class=\"cmsmasters_column_inner\"><\/div><\/div>\n<div id=\"cmsmasters_column_6gz5zgm5xb\" class=\"cmsmasters_column one_third\">\n<div class=\"cmsmasters_column_inner\"><div id=\"cmsmasters_heading_y8pg5ykf2m\" class=\"cmsmasters_heading_wrap cmsmasters_heading_align_center\">\n\t<h2 class=\"cmsmasters_heading\">L&rsquo;APEL<\/h2>\n<\/div><div class=\"aligncenter\"><div class=\"cmsmasters_img  cmsmasters_image_c\"><img decoding=\"async\" src=\"https:\/\/ecolestjean85160.fr\/wp-content\/uploads\/2019\/07\/cole-line-1.jpg\" alt=\"\u00e9cole-line-1\" \/><\/div><\/div><div class=\"cmsmasters_text\">\n<p style=\"text-align: center;\">L\u2019APEL est une association compos\u00e9e de parents d\u2019\u00e9l\u00e8ves b\u00e9n\u00e9voles, charg\u00e9e de l&rsquo;animation et du lien avec les familles.<\/p>\n<p style=\"text-align: center;\">L\u2019APEL agit dans l\u2019\u00e9cole en \u00e9troite collaboration avec l&rsquo;\u00e9quipe p\u00e9dagogique.<\/p>\n<\/div>\n<div id=\"cmsmasters_divider_gmsfsdgrhk\" class=\"cl\"><\/div>\n<\/div><\/div>\n<\/div>\n<\/div>\n<\/div>\n<\/div>\n<\/div>\n<div id=\"cmsmasters_row_0ar42e3l4\" class=\"cmsmasters_row cmsmasters_color_scheme_default cmsmasters_row_top_default cmsmasters_row_bot_default cmsmasters_row_boxed\">\n<div class=\"cmsmasters_row_outer_parent\">\n<div class=\"cmsmasters_row_outer\">\n<div class=\"cmsmasters_row_inner\">\n<div class=\"cmsmasters_row_margin\">\n<div id=\"cmsmasters_column_en7tc9gr38\" class=\"cmsmasters_column one_fourth\">\n<div class=\"cmsmasters_column_inner\"><div class=\"cmsmasters_text\">\n<p style=\"text-align: left;\">L&rsquo;APEL joue un r\u00f4le essentiel dans l&rsquo;accueil des familles: go\u00fbter de rentr\u00e9e,\u00a0 journ\u00e9es portes-ouvertes&#8230;<\/p>\n<p style=\"text-align: left;\">L&rsquo;APEL informe les parents sur la vie de l\u2019\u00e9cole via le panneau \u00e0 l\u2019entr\u00e9e de l\u2019\u00e9cole, et le compte Facebook&#8230;<\/p>\n<\/div>\n<\/div><\/div>\n<div id=\"cmsmasters_column_2qbgsxm4se\" class=\"cmsmasters_column one_fourth\">\n<div class=\"cmsmasters_column_inner\"><div class=\"cmsmasters_text\">\n<p style=\"text-align: left;\">L&rsquo;APEL\u00a0 participe tr\u00e8s concr\u00e8tement \u00e0 la vie de l\u2019\u00e9cole : Arbre de No\u00ebl, Mi-Car\u00eame, Chante-Mai, Kermesse,<\/p>\n<p style=\"text-align: left;\">Elle contribue aux achats de mat\u00e9riel p\u00e9dagogique et aux voyages scolaires&#8230;<\/p>\n<\/div>\n<\/div><\/div>\n<div id=\"cmsmasters_column_q7xmbttef\" class=\"cmsmasters_column one_fourth\">\n<div class=\"cmsmasters_column_inner\"><div class=\"cmsmasters_text\">\n<p style=\"text-align: left;\">L&rsquo;APEL participe \u00e0 la r\u00e9flexion sur le projet \u00e9ducatif de notre \u00e9cole.<\/p>\n<p style=\"text-align: left;\">L&rsquo;APEL soutient l&rsquo;\u00e9quipe enseignante dans les projets d&rsquo;\u00e9ducation \u00e0 l&rsquo;universel et \u00e0 l&rsquo;engagement solidaire.<\/p>\n<\/div>\n<\/div><\/div>\n<div id=\"cmsmasters_column_afl3dwbcka\" class=\"cmsmasters_column one_fourth\">\n<div class=\"cmsmasters_column_inner\"><div class=\"cmsmasters_text\">\n<p>L&rsquo;\u00e9quipe de l&rsquo;APEL rassemble des parents dynamiques, qui fourmillent d&rsquo;id\u00e9es pour rendre notre \u00e9cole chaleureuse, conviviale et vivante !<\/p>\n<p>N&rsquo;h\u00e9sitez pas \u00e0 venir les rejoindre&#8230;<\/p>\n<p style=\"text-align: center;\">Vous pouvez contacter les pr\u00e9sidentes : Maud BAUDON et Tiphaine BAUD<\/p>\n<div class=\"Cz J-J5-Ji e\" style=\"text-align: center;\">apelstjean85160@gmail.com<\/div>\n<div><img loading=\"lazy\" decoding=\"async\" class=\"alignnone wp-image-4944 aligncenter\" src=\"https:\/\/ecolestjean85160.fr\/wp-content\/uploads\/2024\/07\/apel-300x247.jpg\" alt=\"\" width=\"200\" height=\"165\" srcset=\"https:\/\/ecolestjean85160.fr\/wp-content\/uploads\/2024\/07\/apel-300x247.jpg 300w, https:\/\/ecolestjean85160.fr\/wp-content\/uploads\/2024\/07\/apel.jpg 435w\" sizes=\"auto, (max-width: 200px) 100vw, 200px\" \/><\/div>\n<\/div>\n<\/div><\/div>\n<\/div>\n<\/div>\n<\/div>\n<\/div>\n<\/div>\n<div id=\"cmsmasters_row_ql5xb3jyx\" class=\"cmsmasters_row cmsmasters_color_scheme_default cmsmasters_row_top_default cmsmasters_row_bot_default cmsmasters_row_boxed\">\n<div class=\"cmsmasters_row_outer_parent\">\n<div class=\"cmsmasters_row_outer\">\n<div class=\"cmsmasters_row_inner\">\n<div class=\"cmsmasters_row_margin\">\n<div id=\"cmsmasters_column_r7ez6356tc\" class=\"cmsmasters_column one_first\">\n<div class=\"cmsmasters_column_inner\"><div id=\"cmsmasters_heading_5nm1kmke6t\" class=\"cmsmasters_heading_wrap cmsmasters_heading_align_center\">\n\t<h2 class=\"cmsmasters_heading\">L&rsquo;OGEC<\/h2>\n<\/div><div class=\"aligncenter\"><div class=\"cmsmasters_img  cmsmasters_image_c\"><img decoding=\"async\" src=\"https:\/\/ecolestjean85160.fr\/wp-content\/uploads\/2019\/07\/cole-line-3.jpg\" alt=\"\u00e9cole-line-3\" \/><\/div><\/div><div class=\"cmsmasters_text\">\n<p style=\"text-align: center;\">L\u2019OGEC (Organisme de Gestion des Ecoles Catholiques) est une association compos\u00e9e de parents d\u2019\u00e9l\u00e8ves b\u00e9n\u00e9voles. Il assure la gestion de l\u2019\u00e9cole et permet son bon fonctionnement mat\u00e9riel : l\u2019entretien des locaux, le salaire des personnels de service, la dotation en mat\u00e9riel p\u00e9dagogique, l\u2019organisation des f\u00eates\u2026<\/p>\n<p style=\"text-align: center;\">Les ressources de l\u2019association sont constitu\u00e9es pour l\u2019essentiel\u00a0:<\/p>\n<p style=\"text-align: center;\">&#8211; De la participation de la commune dans le cadre d\u2019une convention (contrat d\u2019association \u00e0 partir du 1\/09\/2000). Le montant de cette participation annuelle permet de couvrir une partie des charges de fonctionnement.<\/p>\n<p style=\"text-align: center;\">&#8211; Des produits des f\u00eates effectu\u00e9es en cours d\u2019ann\u00e9e qui permettent de financer les investissements immobiliers.<\/p>\n<p style=\"text-align: center;\">&#8211; Des contributions de familles\u00a0 qui permettent de financer les cotisations \u00e0 l\u2019U.D.O.G.E.C. (Union D\u00e9partementale des Organismes de Gestion des Ecoles Catholiques), diff\u00e9rentes activit\u00e9s scolaires et les travaux sur les b\u00e2timents.<\/p>\n<p style=\"text-align: center;\">&#8211; De la participation des familles pour la\u00a0garderie.<\/p>\n<p style=\"text-align: center;\">Vous pouvez contacter le pr\u00e9sident : Tony BESSEAU \u00e0 l&rsquo;adresse president@ogec.ecolestjean85160.fr<\/p>\n<\/div>\n<\/div><\/div>\n<\/div>\n<\/div>\n<\/div>\n<\/div>\n<\/div>\n\n","protected":false},"excerpt":{"rendered":"","protected":false},"author":2,"featured_media":0,"parent":0,"menu_order":0,"comment_status":"closed","ping_status":"closed","template":"","meta":{"footnotes":""},"class_list":["post-1297","page","type-page","status-publish","hentry"],"_links":{"self":[{"href":"https:\/\/ecolestjean85160.fr\/index.php\/wp-json\/wp\/v2\/pages\/1297","targetHints":{"allow":["GET"]}}],"collection":[{"href":"https:\/\/ecolestjean85160.fr\/index.php\/wp-json\/wp\/v2\/pages"}],"about":[{"href":"https:\/\/ecolestjean85160.fr\/index.php\/wp-json\/wp\/v2\/types\/page"}],"author":[{"embeddable":true,"href":"https:\/\/ecolestjean85160.fr\/index.php\/wp-json\/wp\/v2\/users\/2"}],"replies":[{"embeddable":true,"href":"https:\/\/ecolestjean85160.fr\/index.php\/wp-json\/wp\/v2\/comments?post=1297"}],"version-history":[{"count":5,"href":"https:\/\/ecolestjean85160.fr\/index.php\/wp-json\/wp\/v2\/pages\/1297\/revisions"}],"predecessor-version":[{"id":5286,"href":"https:\/\/ecolestjean85160.fr\/index.php\/wp-json\/wp\/v2\/pages\/1297\/revisions\/5286"}],"wp:attachment":[{"href":"https:\/\/ecolestjean85160.fr\/index.php\/wp-json\/wp\/v2\/media?parent=1297"}],"curies":[{"name":"wp","href":"https:\/\/api.w.org\/{rel}","templated":true}]}}

<div id="cmsmasters_row_9n58drigp" class="cmsmasters_row cmsmasters_color_scheme_default cmsmasters_row_top_default cmsmasters_row_bot_default cmsmasters_row_fullwidth">
<div class="cmsmasters_row_outer_parent">
<div class="cmsmasters_row_outer">
<div class="cmsmasters_row_inner cmsmasters_row_fullwidth cmsmasters_row_no_margin">
<div class="cmsmasters_row_margin">
<div id="cmsmasters_column_n7idelpru" class="cmsmasters_column one_third">
<div class="cmsmasters_column_inner"><div id="cmsmasters_heading_rz195lprfc" class="cmsmasters_heading_wrap cmsmasters_heading_align_left">
	<h1 class="cmsmasters_heading">L&rsquo;A.P.E.L. &amp; l&rsquo;O.G.E.C.</h1>
</div><div class="cmsmasters_img  cmsmasters_image_l"><img decoding="async" src="https://ecolestjean85160.fr/wp-content/uploads/2019/07/zig-zag.png" alt="zig zag" /></div>
<div id="cmsmasters_divider_95vmicc4vb" class="cl"></div>
<div class="cmsmasters_text">
<p><span style="color: #ffffff;">Notre école ne pourrait pas fonctionner sans le précieux soutien des parents bénévoles. L’Apel, association des parents d’élèves de l’école libre, œuvre pour favoriser un climat de confiance entre l’école et les familles. L&rsquo;OGEC, organisme de gestion, assure le bon fonctionnement matériel de notre établissement.</span></p>
</div>
</div></div>
<div id="cmsmasters_column_trnc2n5bew" class="cmsmasters_column two_third">
<div class="cmsmasters_column_inner"></div></div>
</div>
</div>
</div>
</div>
</div>
<div id="cmsmasters_row_1ko65bgqn2" class="cmsmasters_row cmsmasters_color_scheme_default cmsmasters_row_top_default cmsmasters_row_bot_default cmsmasters_row_boxed">
<div class="cmsmasters_row_outer_parent">
<div class="cmsmasters_row_outer">
<div class="cmsmasters_row_inner">
<div class="cmsmasters_row_margin">
<div id="cmsmasters_column_mjrutd404" class="cmsmasters_column two_third">
<div class="cmsmasters_column_inner"></div></div>
<div id="cmsmasters_column_6gz5zgm5xb" class="cmsmasters_column one_third">
<div class="cmsmasters_column_inner"><div id="cmsmasters_heading_y8pg5ykf2m" class="cmsmasters_heading_wrap cmsmasters_heading_align_center">
	<h2 class="cmsmasters_heading">L&rsquo;APEL</h2>
</div><div class="aligncenter"><div class="cmsmasters_img  cmsmasters_image_c"><img decoding="async" src="https://ecolestjean85160.fr/wp-content/uploads/2019/07/cole-line-1.jpg" alt="école-line-1" /></div></div><div class="cmsmasters_text">
<p style="text-align: center;">L’APEL est une association composée de parents d’élèves bénévoles, chargée de l&rsquo;animation et du lien avec les familles.</p>
<p style="text-align: center;">L’APEL agit dans l’école en étroite collaboration avec l&rsquo;équipe pédagogique.</p>
</div>
<div id="cmsmasters_divider_gmsfsdgrhk" class="cl"></div>
</div></div>
</div>
</div>
</div>
</div>
</div>
<div id="cmsmasters_row_0ar42e3l4" class="cmsmasters_row cmsmasters_color_scheme_default cmsmasters_row_top_default cmsmasters_row_bot_default cmsmasters_row_boxed">
<div class="cmsmasters_row_outer_parent">
<div class="cmsmasters_row_outer">
<div class="cmsmasters_row_inner">
<div class="cmsmasters_row_margin">
<div id="cmsmasters_column_en7tc9gr38" class="cmsmasters_column one_fourth">
<div class="cmsmasters_column_inner"><div class="cmsmasters_text">
<p style="text-align: left;">L&rsquo;APEL joue un rôle essentiel dans l&rsquo;accueil des familles: goûter de rentrée,  journées portes-ouvertes&#8230;</p>
<p style="text-align: left;">L&rsquo;APEL informe les parents sur la vie de l’école via le panneau à l’entrée de l’école, et le compte Facebook&#8230;</p>
</div>
</div></div>
<div id="cmsmasters_column_2qbgsxm4se" class="cmsmasters_column one_fourth">
<div class="cmsmasters_column_inner"><div class="cmsmasters_text">
<p style="text-align: left;">L&rsquo;APEL  participe très concrètement à la vie de l’école : Arbre de Noël, Mi-Carême, Chante-Mai, Kermesse,</p>
<p style="text-align: left;">Elle contribue aux achats de matériel pédagogique et aux voyages scolaires&#8230;</p>
</div>
</div></div>
<div id="cmsmasters_column_q7xmbttef" class="cmsmasters_column one_fourth">
<div class="cmsmasters_column_inner"><div class="cmsmasters_text">
<p style="text-align: left;">L&rsquo;APEL participe à la réflexion sur le projet éducatif de notre école.</p>
<p style="text-align: left;">L&rsquo;APEL soutient l&rsquo;équipe enseignante dans les projets d&rsquo;éducation à l&rsquo;universel et à l&rsquo;engagement solidaire.</p>
</div>
</div></div>
<div id="cmsmasters_column_afl3dwbcka" class="cmsmasters_column one_fourth">
<div class="cmsmasters_column_inner"><div class="cmsmasters_text">
<p>L&rsquo;équipe de l&rsquo;APEL rassemble des parents dynamiques, qui fourmillent d&rsquo;idées pour rendre notre école chaleureuse, conviviale et vivante !</p>
<p>N&rsquo;hésitez pas à venir les rejoindre&#8230;</p>
<p style="text-align: center;">Vous pouvez contacter les présidentes : Maud BAUDON et Tiphaine BAUD</p>
<div class="Cz J-J5-Ji e" style="text-align: center;">apelstjean85160@gmail.com</div>
<div><img loading="lazy" decoding="async" class="alignnone wp-image-4944 aligncenter" src="https://ecolestjean85160.fr/wp-content/uploads/2024/07/apel-300x247.jpg" alt="" width="200" height="165" srcset="https://ecolestjean85160.fr/wp-content/uploads/2024/07/apel-300x247.jpg 300w, https://ecolestjean85160.fr/wp-content/uploads/2024/07/apel.jpg 435w" sizes="auto, (max-width: 200px) 100vw, 200px" /></div>
</div>
</div></div>
</div>
</div>
</div>
</div>
</div>
<div id="cmsmasters_row_ql5xb3jyx" class="cmsmasters_row cmsmasters_color_scheme_default cmsmasters_row_top_default cmsmasters_row_bot_default cmsmasters_row_boxed">
<div class="cmsmasters_row_outer_parent">
<div class="cmsmasters_row_outer">
<div class="cmsmasters_row_inner">
<div class="cmsmasters_row_margin">
<div id="cmsmasters_column_r7ez6356tc" class="cmsmasters_column one_first">
<div class="cmsmasters_column_inner"><div id="cmsmasters_heading_5nm1kmke6t" class="cmsmasters_heading_wrap cmsmasters_heading_align_center">
	<h2 class="cmsmasters_heading">L&rsquo;OGEC</h2>
</div><div class="aligncenter"><div class="cmsmasters_img  cmsmasters_image_c"><img decoding="async" src="https://ecolestjean85160.fr/wp-content/uploads/2019/07/cole-line-3.jpg" alt="école-line-3" /></div></div><div class="cmsmasters_text">
<p style="text-align: center;">L’OGEC (Organisme de Gestion des Ecoles Catholiques) est une association composée de parents d’élèves bénévoles. Il assure la gestion de l’école et permet son bon fonctionnement matériel : l’entretien des locaux, le salaire des personnels de service, la dotation en matériel pédagogique, l’organisation des fêtes…</p>
<p style="text-align: center;">Les ressources de l’association sont constituées pour l’essentiel :</p>
<p style="text-align: center;">&#8211; De la participation de la commune dans le cadre d’une convention (contrat d’association à partir du 1/09/2000). Le montant de cette participation annuelle permet de couvrir une partie des charges de fonctionnement.</p>
<p style="text-align: center;">&#8211; Des produits des fêtes effectuées en cours d’année qui permettent de financer les investissements immobiliers.</p>
<p style="text-align: center;">&#8211; Des contributions de familles  qui permettent de financer les cotisations à l’U.D.O.G.E.C. (Union Départementale des Organismes de Gestion des Ecoles Catholiques), différentes activités scolaires et les travaux sur les bâtiments.</p>
<p style="text-align: center;">&#8211; De la participation des familles pour la garderie.</p>
<p style="text-align: center;">Vous pouvez contacter le président : Tony BESSEAU à l&rsquo;adresse president@ogec.ecolestjean85160.fr</p>
</div>
</div></div>
</div>
</div>
</div>
</div>
</div>
